
2
Let o = 7992 - 7722. What is the remainder when o is divided by 30?
0
Let f(b) = -b**3 - 2*b + 44. Suppose 0*o + 3*s = -5*o + 5, -4*o = -3*s - 4. Let m be 0/o*(-13 - -14). Calculate the remainder when f(m) is divided by 15.
14
Suppose h + 264 = -3*h. Let q = 60 + h. Calculate the remainder when 65 is divided by (q/(-8))/(3/132).
32
Suppose -3*f + 111 = 5*o, -3*f - f = -5*o - 113. Suppose l + 42 = 4*m + 2*l, -3*m - l = -f. Calculate the remainder when 6/51 + (-9882)/(-102) is divided by m.
7
What is the remainder when (-6 - (-133)/21) + 1582/6 + 2 is divided by 51?
11
Let h = 78 + -84. Calculate the remainder when (-194)/(-6) - 4/h is divided by 7.
5
Suppose -5 = -2*n + 9. Let a = 62 - 63. Let m = a + 28. What is the remainder when m is divided by n?
6
Let z(r) = 19*r - 50. Let o be z(14). Suppose o*u = 219*u - 27. Calculate the remainder when 31 is divided by u.
4
Let l(a) = -21 + 15*a + a**3 + 3*a + 0*a**2 + 14*a**2 + 7*a**2. Suppose -8 = 2*d, -3*d + 101 = n - 5*d. What is the remainder when n is divided by l(-20)?
17
What is the remainder when 251 is divided by (-140)/(-200)*(3 + 27)?
20
Suppose 9 = 5*b - 81. Let v(q) = 74*q**2 + 1729*q + 1725. What is the remainder when v(-1) is divided by b?
16
Calculate the remainder when 1 + 43468/38 - (-1738)/16511 is divided by 104.
1
Let r(b) = 4*b + 1. Let y be r(-1). Let t(w) = -14*w - 7. What is the remainder when t(-5) is divided by (12 - 23)*(0 + (y - 0))?
30
Let g(j) = -2*j**2 + 147*j - 1178. What is the remainder when 1967 is divided by g(64)?
29
Suppose -6 = -2*z, -4*s + 467*z + 524 = 463*z. What is the remainder when 5356 is divided by s?
130
Let m = -2 + 33. Let y(d) = 20*d - 7. What is the remainder when y(5) is divided by m?
0
Let m(g) = 3*g**2 - 3*g + 5. Let j be m(6). Let r be (20/((-480)/126))/(2/(-40)). Let w = r - j. Calculate the remainder when 66 is divided by w.
6
Let b(h) = 123*h + 785. Let c(y) = -y**3 - 9*y**2 - 3*y - 3. Let u be c(-7). Let q = 172 + u. Calculate the remainder when q is divided by b(-6).
45
Let r be (-36 - -31)*4/5. Calculate the remainder when ((-5)/(-10))/(r/(-832)) is divided by 24.
8
Let p(k) = k**2 - 7*k + 12. Let h be p(5). Suppose 0 = 3*m - 0*w + 3*w, -h*m - w = -1. Calculate the remainder when 3957/24 - m/(-24)*3 is divided by 42.
39
Let i(o) = 4*o**3 + 14*o**2 - 3*o - 4. Calculate the remainder when i(3) is divided by 111.
110
Suppose 5*i + 3*q - 10 = 0, 4*q - 2 = -i - 0*i. Suppose -i*l + 7 = 1. Suppose -393 = -l*n + 9. What is the remainder when n is divided by 34?
32
Let z(n) = -19*n - 566. Calculate the remainder when 1677 is divided by z(-35).
93
Suppose 0*q = -12*q + 585 - 21. What is the remainder when 173 is divided by q?
32
Let r = -47 - -50. Suppose 0 = -2*w - q + 32, 0 = r*w + 5*q - 47 - 15. Calculate the remainder when w is divided by -18*2*1/(-4).
5
Let y(l) = 93*l**2 + 2*l + 1. Let i be y(-1). Let p = i + -61. Let k = 41 - -44. Calculate the remainder when k is divided by p.
23
Suppose 1758*a = 1750*a + 48. Suppose 74 = 2*m - 5*c, -3*m = -7*m - 4*c + 120. Calculate the remainder when m is divided by a.
2
Suppose 4*z = 3*x + 54, 439*z - 444*z - 2*x = -33. What is the remainder when 352 is divided by z?
1
Let x(m) = -131*m**2 - 9693*m + 150. Calculate the remainder when x(-74) is divided by (-2 - 0)/(4/(-26)).
11
Let o = 1 + 2. Let g = 4221 + -4158. Calculate the remainder when ((o - 0)*1)/(7/g) is divided by 14.
13
Let w(c) = -c**3 - 34*c - 186. Calculate the remainder when w(-11) is divided by 80.
79
Let c = -5801 - -5817. Calculate the remainder when 1118 is divided by c.
14
Suppose -5*u = 54 + 71. Let r(o) = -3*o + 19. Let z be r(-3). Let p = z - u. What is the remainder when 101 is divided by p?
48
Let u(k) = 61*k**3 + 1. Let r be u(-1). Let a = r - -71. Let m = 115 - 66. Calculate the remainder when m is divided by a.
5
Let i = 54 + -50. Suppose 3*z + k = 1, -5*z + 3*z - 4 = -i*k. Calculate the remainder when 25 is divided by (z - (1 + 0))*(18 - 25).
4
Let x = 169 + -85. Let z = -159 - -82. Let n = x + z. What is the remainder when 82 is divided by n?
5
Suppose 290696 = -92*p + 450*p. What is the remainder when p is divided by 22?
20
What is the remainder when 7181 is divided by 437/69*(13 - 7)?
37
Calculate the remainder when (-1 - (-12552)/10) + -6 - (-18)/(-15) is divided by 373.
128
Suppose -5*c + 95 = -3*t, 0 = 3*c + t + 28 - 99. Let m = -254225 - -254441. What is the remainder when m is divided by c?
18
Calculate the remainder when 129 is divided by (1080/(-99))/((-4)/(-66)*-3).
9
Calculate the remainder when (2*(-11 + 10))/(((-8)/(-452))/(-1)) is divided by 87.
26
Suppose -21 = -64*w + 61*w. What is the remainder when 51 is divided by (-3)/(((-2 + w)/5)/(-1))?
0
Suppose 5*r = 3*q + q - 91, -2*r = -3*q + 70. Calculate the remainder when (2 - 445/(-4))*4 is divided by q.
21
Suppose -5*v - 651 = -3*x, v - 1085 = -6*x + x. Suppose 3*y + x = 10*y. What is the remainder when 60 is divided by y?
29
Let j(w) be the third derivative of -w**6/120 + 3*w**5/20 + w**4/3 - 43*w**3/6 - 2*w**2 - 45*w. Calculate the remainder when 289 is divided by j(9).
28
Calculate the remainder when 137 is divided by 32 + -11 + 7 + 16.
5
Let b(r) = -698*r + 712. Calculate the remainder when 1286 is divided by b(1).
12
Let j(r) = 6*r**2 - 8*r + 16. Calculate the remainder when 1930 is divided by j(2).
10
Let x(w) = -10 + 750*w - 1530*w + 750*w. Calculate the remainder when x(-1) is divided by 3.
2
Let u(i) = -199*i - 3977. Calculate the remainder when 219 is divided by u(-20).
0
Let n = -179 - -327. Suppose 3*t - n = -2*o, t - 4*o - 25 = 15. Calculate the remainder when 184 is divided by t.
40
Let l(p) = 3*p**2. What is the remainder when l(3) is divided by (16/((-480)/290) - 5/(-1))*-3?
13
Let m(n) be the second derivative of n**5/20 - 23*n**4/12 + 11*n**3/3 + 2*n**2 - n + 19. Calculate the remainder when 16 is divided by m(22).
0
Suppose 129 + 7 = 38*a - 320. Suppose -s - 5*d = -0*s - 85, -2*d - 289 = -3*s. Calculate the remainder when s is divided by a.
11
Suppose 0 = 5*f + 15, r + 5*f = 4*f + 663. Suppose -8*k = k - r. Suppose k - 41 = 3*o. What is the remainder when o is divided by 5?
1
Let r = -82 - 273. Let o = -285 - r. Calculate the remainder when o is divided by 28.
14
What is the remainder when (40/(-125))/(6/(-4685)) + 2/15 is divided by 4?
2
Let k(b) = -1562*b - 5654. Calculate the remainder when k(-5) is divided by 3.
2
Let w(a) be the second derivative of -a**4/6 + 7*a**3 - 7*a**2/2 - 46*a - 1. What is the remainder when 411 is divided by w(19)?
66
Let j(g) = -10*g - 1. Let v be 2/11 + 140/(-44). Let d be j(v). Let i = 50 - d. Calculate the remainder when 81 is divided by i.
18
Let r be 1 + 4 + -5 + 2. Let y(s) = 74*s - 35*s - 36*s + r*s**2 - 2. Calculate the remainder when 14 is divided by y(1).
2
Suppose 3*g = 2 - 2. Suppose 6*s + 2 - 44 = g. Suppose -27 = 5*b - s, 3*b + 90 = 3*l. Calculate the remainder when l is divided by 4.
2
Let v = -5594 + 8337. Calculate the remainder when v is divided by 88.
15
Let q(r) = 15*r + 188. Let n(f) = -2*f**3 + 2*f**2 + 3*f - 7. Let m be n(2). What is the remainder when q(m) is divided by 9?
8
What is the remainder when 296 is divided by ((-45)/(-2))/(45/468 - (-18)/117)?
26
Let u = -831 + 2366. Calculate the remainder when u is divided by 67.
61
Let n(l) = -83*l**3 - l**2 - 10*l - 10. What is the remainder when n(-1) is divided by 22?
16
Suppose 0 = 5*a - 5*m - 170, -3*a + 5*m - 133 = -227. Let p be (-409)/(-3) + 2/(-6). Let v = 287 - p. Calculate the remainder when v is divided by a.
37
Let p(k) = k**3 - 26*k**2 + 47*k + 7. Let o be p(24). Let f(x) = -5*x - 46. Calculate the remainder when 310 is divided by f(o).
37
Suppose -f - 51 = -3*l - 84, 4*f = l + 176. Let c = 68 - 34. Suppose 0 = -3*g + c + 2. What is the remainder when f is divided by g?
9
Let v = 217 + -152. Calculate the remainder when ((-59)/(-5))/(60/1275) + 2/8 is divided by v.
56
Let y(k) = -3*k - 53. Let z(n) = -4*n - 55. Let t(d) = 6*y(d) - 7*z(d). What is the remainder when t(-5) is divided by 7?
3
Let v(c) be the first derivative of -10*c**2 - 84*c - 126. What is the remainder when 140 is divided by v(-6)?
32
Let d = -60 - -56. Let a(g) = -g**2 - 16*g - 18. Suppose -5*p + 70 = 5*z, 2*p = -2*p - 5*z + 54. Calculate the remainder whe